 of r and f.
24
Let g be (486/4)/((-48)/(-512)). Calculate the highest common divisor of g and 32.
16
Suppose -f - 305 = 4*f - 5*t, 1 = t. Let w be 14/2*(5 + f/14). Suppose -p + 151 = -4*x, w*x + 173 - 20 = p. What is the greatest common factor of p and 11?
11
Let b(t) = -6*t - 18. Suppose -40 = -4*y - 6*y. Suppose 0 = 6*s - y*s + 12. Let p be b(s). Calculate the highest common divisor of 18 and p.
18
Suppose -3*u = p - 404 + 55, -3*p - 5*u = -1063. Suppose 0 = 368*o - p*o - 1365. What is the greatest common factor of o and 30?
15
Let i be 6/(-4) - 13815/(-6). Suppose -7*g + i - 691 = 0. Calculate the greatest common factor of 20 and g.
10
Suppose -72*f = -158*f + 6192. Calculate the greatest common factor of 2106 and f.
18
Suppose 7*j - 637 = -6*j. Let n(k) = -18*k - 13*k + j*k - 12*k + 34. Let h be n(-5). Calculate the highest common factor of h and 3.
1
Let v(a) = -a**2 - 178*a - 6751. Let n be v(-119). Calculate the greatest common divisor of 16578 and n.
54
Let k be (-20)/15 + (-320)/(-6) + -3. Suppose -77 = -7*m + k. Calculate the highest common factor of m and 30.
6
Suppose 38 = -2*t - 40 + 224. What is the highest common factor of 13067 and t?
73
Let u = 90 - 25. Suppose 0 = -u*w + 67*w - 330. Calculate the highest common divisor of w and 15.
15
Let i(o) = 43*o + 456. Let f be i(-8). What is the greatest common divisor of f and 63?
7
Let v(m) = m**3 - 2*m + 9. Suppose 56*t = 50*t + 12. Let p be v(t). Calculate the greatest common divisor of 13 and p.
13
Let f(k) = 7*k**2 - 3*k + 3. Let w be f(3). Suppose -11 + w = 2*i. Suppose 15 = 3*v, -2*o + 4*v - 135 = -3*o. What is the highest common divisor of o and i?
23
Suppose -5*t + 347 + 93 = 0. Let u = 235 + -169. Calculate the greatest common divisor of t and u.
22
Let l(b) = 27*b**3 + 2*b + 1. Let y be l(2). Let s = -650 + 662. Suppose s*q - 141 - 63 = 0. What is the greatest common factor of q and y?
17
Suppose 0 = -3*u + 3*t + 16377, 39*t = 2*u + 41*t - 10926. What is the greatest common factor of u and 127?
127
Suppose 19 = 8*q - 5. Suppose q*f + 1526 = 3*p + 110, -1384 = 3*f + 5*p. Let h be 12/16*-1*f. Calculate the greatest common divisor of 39 and h.
39
Let w(m) = -2 + 5*m - 10*m - 38*m. Let v be w(-6). Let x be 112*(10/2 + -3)/(26 - 19). What is the greatest common factor of v and x?
32
Let g be 1/(-1*2/(-12)). Suppose 60000 = 192*i - 42*i. Suppose i = -t + g*t. Calculate the highest common factor of t and 10.
10
Suppose 14*p + 46*p - 17*p = 10492. What is the highest common divisor of 8 and p?
4
Let s be 28/84*6/(-2). Let h be s/((-18)/4*1 + 4). Suppose -h*f = 3*b - 56 - 8, -3*b = 5*f - 169. What is the highest common factor of f and 315?
35
Suppose -9*f - 3*s + 120 = -5*f, -s = 5*f - 139. Calculate the greatest common factor of 6 and f.
3
Suppose -9*k + 138825 + 92439 = 0. What is the greatest common factor of k and 44?
44
Suppose 0 = -t - 0*t + 4. Let x(g) = -g**2 - 147 - 61 - 306*g + 338*g. Let a be x(10). Calculate the highest common factor of t and a.
4
Let o = 39809 - 39676. Calculate the greatest common divisor of o and 36841.
133
Suppose -3*w = 5*q - 208, 3*q = 5*w + 145 + 7. Suppose q = -5*l - 406. Let d = 93 + l. Calculate the greatest common divisor of 3 and d.
3
Suppose 2844 = 4*k + 4*d, 5*d - 85 = k - 796. Calculate the greatest common divisor of 948 and k.
237
Let t be 4/14 - 1172/(-14). Let q(v) = -13*v**2 + 2 - 12*v + 26*v**2 - 14*v**2 + v. Let c be q(-10). What is the greatest common factor of c and t?
12
Let a(h) = h**3 - 11*h**2 + 7*h - 13. Let l(p) = 3*p**2 - 18*p + 11. Let q be l(6). Let s be a(q). Calculate the greatest common divisor of s and 288.
32
Let d = -31 + -24. Let h = 97 + d. Let n be (2/(-7))/((-1)/49). Calculate the greatest common factor of h and n.
14
Suppose p - 77 = -q - 4*p, 6 = -2*p. Let b = q + -49. Let t(x) = 39*x - 198. Let i be t(15). Calculate the greatest common factor of b and i.
43
Suppose x - 4*q = -0*x + 38, 3*x = -5*q + 80. Suppose -1007 = -217*t + 842 + 321. What is the highest common factor of x and t?
10
Let h be ((-115)/4)/(1/(-28)). Let q = 937 - h. Calculate the greatest common divisor of q and 33.
33
Let s(i) = 155*i**2 - 286. Let o be s(12). Calculate the highest common divisor of o and 46.
46
Suppose 63*g - 63 = 42*g. Suppose -9*a + 8*a + 10 = 3*h, -g*h + 3*a = -18. Calculate the greatest common divisor of h and 284.
4
Suppose 12 = 5*k - 3*k. Let b = 799 - 782. Let j(a) = -a**2 + 42*a - 359. Let n be j(b). Calculate the greatest common factor of n and k.
6
Let l = 28 - 31. Let v be (l - -1)/((-9)/(-18)). Let n be 219 + (-7)/((-7)/v). What is the highest common divisor of n and 86?
43
Suppose 9*a = 13*a - 2*b + 232, -a - 5*b = 47. Let t be 32/3*a/(-38). Calculate the highest common divisor of 512 and t.
16
Let k(r) = -55*r - 1450. Let z be k(-30). Calculate the highest common factor of z and 175.
25
Suppose -3352 = -5*s + 5*o + 1193, 4*o = -24. What is the highest common factor of 105 and s?
21
Suppose 3*o + 557 = 152. Let m be o/10*(-44)/3. Let k(h) = 4*h - 30. Let y be k(13). Calculate the greatest common factor of y and m.
22
Let l = -297 - -337. Calculate the greatest common factor of 125 and l.
5
Suppose -3*k = -5*s - 21, 6*s = 10*s - k + 21. Let h be s/(-45) + 1876/105. Calculate the greatest common factor of 24 and h.
6
Let b = 82 - 82. Suppose b = 3*y - 342 + 45. Let d = -4 + 15. What is the greatest common divisor of y and d?
11
Suppose 13*d + 35 = 20*d. Let z(n) = -n**3 + 7*n**2 - 7*n + 30. Let r be z(d). Calculate the greatest common divisor of 45 and r.
45
Suppose -28075 = -37*r - 547. Suppose 5*n + 3021 = 6*a - 2*a, a - r = 5*n. Calculate the greatest common divisor of 33 and a.
33
Suppose 115*t = 165*t - 33950. Calculate the highest common factor of 1067 and t.
97
Suppose -5*m + 1638 = -4*i, m + 3*i = 4*m - 981. Suppose -3*p - 205 = 2*p. Let d = p + 71. What is the greatest common divisor of m and d?
30
Suppose -n = 2*d - 93, 9*d - n - 215 = 4*d. Suppose -2*f - d = -m, -11*f = m - 7*f - 74. What is the greatest common factor of m and 2?
2
Suppose -7*q - 945 = -14*q. Suppose 33 = -6*v + q. What is the highest common divisor of v and 170?
17
Let x(k) = -1 - 2*k**3 - 1161*k**2 + 9*k - 4 + 1174*k**2. Let a be x(7). Calculate the highest common factor of a and 87.
3
Let u = -581 - -588. Suppose -z = -0*z - 420. Suppose -u*p + 3*p = -z. Calculate the highest common divisor of p and 21.
21
Suppose 7474 - 1369 = 18*z - 3*z. What is the highest common factor of 253 and z?
11
Let q(g) = -g + 1. Let r(i) = -3*i + 5. Let y(m) = -6*q(m) + r(m). Let b be y(7). Calculate the greatest common divisor of b and 100.
20
Let h(m) = -2*m**3 - 2*m**2 - 2*m + 5. Suppose 15 = 21*i - 18*i. Let u be h(i). Let b = u - -501. Calculate the greatest common divisor of 28 and b.
28
Let o(b) = -b**2 + 45*b + 354. Let c be o(50). Suppose 0 = 2*z + 3*n - 231, -5*z + 581 = 5*n - n. Calculate the highest common divisor of c and z.
13
Let q = -101 + 143. Suppose -5*g = -9*l + 5*l + 196, 0 = 2*g. Let t = l - q. What is the greatest common factor of t and 63?
7
Suppose -3*r - n = 4 - 144, r = -2*n + 40. Calculate the greatest common divisor of 1896 and r.
24
Suppose -374 = -2*f - 4*z, 4*f = 3*z + 267 + 448. Let u = f - 115. What is the highest common divisor of 110 and u?
22
Let n be 36/4*2/9. Suppose x - 14 = -r, n*x + 13 = r + 56. Suppose 2*a - 167 = 4*y + 27, y + 476 = 5*a. What is the greatest common factor of a and x?
19
Let h(f) be the second derivative of f**4/12 - 2*f**3/3 - 130*f**2 + f - 78. Let g be h(-22). What is the greatest common divisor of g and 24?
24
Suppose -4*w = a + 155 + 9, 2*a - 4*w = -376. Let h be ((-112)/20)/7*a/8. Calculate the highest common divisor of h and 8.
2
Let z(k) = 11*k - 62. Let v(f) = -f**2 + 14*f - 30. Let c be v(10). Let h be z(c). What is the greatest common divisor of h and 576?
48
Suppose 4*t - 3*m - 643 = 0, -3*t = -5*m - 502 + 6. Suppose 0 = -146*y + t*y - 1276. What is the highest common divisor of y and 145?
29
Let j be ((-12)/(-3) - 6)/((-4)/10). Suppose j*f - 5*y = 250, -5*f - 2*y + 80 = -156. Suppose 2*n = -n + f. Calculate the greatest common factor of n and 48.
16
Suppose -481 = -20*k + 2159. What is the highest common divisor of 156 and k?
12
Let g be (-22 + (-249)/(-12))*(0 - 12). What is t